ue
Does 1454 divide 9592098?
False
Does 11 divide 308165?
True
Is 8 a factor of 159672?
True
Does 56 divide 3205?
False
Does 645 divide 268883?
False
Does 23 divide 229253?
False
Is 117376 a multiple of 273?
False
Is 1391292 a multiple of 86?
False
Is 116025 a multiple of 17?
True
Is 22252801 a multiple of 43?
True
Does 22 divide 285892?
False
Is 140748 a multiple of 148?
True
Does 19 divide 72009?
False
Is 2172702 a multiple of 7?
True
Is 20 a factor of 20023?
False
Is 215 a factor of 951685?
False
Is 3307870 a multiple of 10?
True
Is 159 a factor of 13826654?
False
Is 18426 a multiple of 36?
False
Is 116 a factor of 541514?
False
Is 277 a factor of 226309?
True
Is 624 a factor of 7827516?
False
Does 9 divide 1066752?
True
Is 10 a factor of 12530?
True
Is 4 a factor of 3728?
True
Is 264 a factor of 347902?
False
Is 907743 a multiple of 21?
False
Is 834108 a multiple of 3?
True
Does 9 divide 180490?
False
Is 1325928 a multiple of 404?
True
Is 54815 a multiple of 77?
False
Does 199 divide 54152?
False
Is 95 a factor of 876258?
False
Is 23886 a multiple of 8?
False
Is 3 a factor of 446155?
False
Is 4 a factor of 3146662?
False
Is 5480164 a multiple of 136?
False
Is 138 a factor of 3524?
False
Does 1442 divide 16166868?
False
Does 22 divide 421239?
False
Is 781843 a multiple of 44?
False
Does 4 divide 789282?
False
Does 243 divide 2537125?
False
Is 623 a factor of 1071879?
False
Does 30 divide 20787?
False
Is 17326212 a multiple of 111?
True
Is 1284 a factor of 7213512?
True
Does 24 divide 36846?
False
Is 2 a factor of 2989?
False
Is 763674 a multiple of 34?
True
Is 279900 a multiple of 622?
True
Does 144 divide 1232208?
True
Is 44 a factor of 700392?
True
Is 44 a factor of 5114340?
True
Does 65 divide 101140?
True
Is 10 a factor of 2645507?
False
Does 43 divide 385173?
False
Is 235 a factor of 1251527?
False
Does 11 divide 323268?
True
Is 82 a factor of 20314?
False
Is 35 a factor of 755195?
True
Is 404151 a multiple of 37?
True
Is 18 a factor of 5258325?
False
Does 58 divide 4028497?
False
Does 248 divide 1912613?
False
Is 594315 a multiple of 843?
True
Is 9050 a multiple of 25?
True
Is 6357265 a multiple of 549?
False
Is 168 a factor of 1946511?
False
Does 461 divide 113585?
False
Is 13 a factor of 138572?
False
Is 359 a multiple of 2?
False
Is 1762570 a multiple of 10?
True
Does 14 divide 104076?
True
Is 90990 a multiple of 10?
True
Is 16 a factor of 862976?
True
Is 17037048 a multiple of 22?
False
Is 94123 a multiple of 9?
False
Does 3 divide 66430?
False
Does 26 divide 161980?
True
Is 234800 a multiple of 10?
True
Is 196 a factor of 7078813?
False
Is 39 a factor of 1228144?
False
Is 332 a factor of 22014058?
False
Does 344 divide 15034238?
False
Is 54 a factor of 151461?
False
Does 7 divide 1034607?
True
Does 129 divide 77013?
True
Is 167 a factor of 2912480?
True
Is 1188215 a multiple of 4?
False
Does 13 divide 270146?
False
Is 1852032 a multiple of 168?
True
Is 175986 a multiple of 27?
True
Does 560 divide 267640?
False
Is 16 a factor of 23877814?
False
Is 13 a factor of 319238?
False
Is 151200 a multiple of 180?
True
Is 458483 a multiple of 74?
False
Is 48348 a multiple of 20?
False
Is 219150 a multiple of 150?
True
Does 17 divide 1189065?
True
Is 328153 a multiple of 389?
False
Does 65 divide 46640?
False
Does 30 divide 486180?
True
Is 12 a factor of 2222526?
False
Does 4 divide 386328?
True
Is 30 a factor of 1980060?
True
Is 1320726 a multiple of 188?
False
Does 97 divide 625747?
True
Is 3793242 a multiple of 20?
False
Is 679560 a multiple of 60?
True
Is 346633 a multiple of 55?
False
Does 5 divide 1305?
True
Is 28 a factor of 160636?
True
Is 19113 a multiple of 69?
True
Does 27 divide 320440?
False
Does 6 divide 82158?
True
Does 31 divide 70010?
False
Is 1200774 a multiple of 167?
False
Is 58367 a multiple of 20?
False
Is 24280 a multiple of 42?
False
Is 6600 a multiple of 11?
True
Is 577 a factor of 4033230?
True
Does 158 divide 4752798?
True
Is 15 a factor of 718810?
False
Is 683604 a multiple of 17?
True
Is 23 a factor of 61744?
False
Does 13 divide 2839135?
True
Is 403519 a multiple of 271?
True
Does 877 divide 836658?
True
Is 8 a factor of 18690727?
False
Does 9 divide 67122?
True
Is 31661 a multiple of 17?
False
Is 8 a factor of 24877?
False
Is 65331 a multiple of 9?
True
Is 40 a factor of 408520?
True
Is 30 a factor of 1763280?
True
Does 12 divide 549903?
False
Is 205348 a multiple of 359?
True
Is 1290173 a multiple of 120?
False
Is 348 a factor of 5082192?
True
Is 26 a factor of 52?
True
Is 157168 a multiple of 107?
False
Is 2520540 a multiple of 114?
True
Is 11353152 a multiple of 63?
False
Is 15 a factor of 657342?
False
Does 548 divide 1667248?
False
Is 137284 a multiple of 7?
True
Does 1353 divide 7934573?
False
Is 230073 a multiple of 6?
False
Is 249 a factor of 5359725?
True
Does 152 divide 402800?
True
Is 115 a factor of 57270?
True
Does 17 divide 99308?
False
Is 847064 a multiple of 120?
False
Is 35590 a multiple of 6?
False
Is 77 a factor of 8873711?
True
Is 115 a factor of 465878?
False
Is 312660 a multiple of 386?
True
Is 2772855 a multiple of 43?
True
Is 120 a factor of 972414?
False
Does 56 divide 1221752?
True
Does 109 divide 10355485?
False
Is 318 a factor of 1550886?
True
Does 201 divide 11207706?
False
Is 282428 a multiple of 4?
True
Is 17775 a multiple of 25?
True
Does 20 divide 455122?
False
Does 281 divide 3551347?
False
Is 30871711 a multiple of 1405?
False
Is 54 a factor of 19864656?
True
Does 45 divide 57915?
True
Is 21785 a multiple of 143?
False
Is 479 a factor of 618389?
True
Does 3 divide 2064659?
False
Is 16271 a multiple of 278?
False
Is 74 a factor of 792178?
False
Is 13 a factor of 234296?
False
Does 97 divide 92856?
False
Does 242 divide 340538?
False
Is 409 a factor of 391710?
False
Does 10 divide 13164936?
False
Does 6 divide 365311?
False
Is 4 a factor of 94434?
False
Is 272727 a multiple of 333?
True
Is 3678463 a multiple of 7?
False
Does 10 divide 15240?
True
Is 654 a factor of 1692109?
False
Does 105 divide 24570?
True
Is 2002166 a multiple of 86?
True
Does 144 divide 5161060?
False
Does 147 divide 14303415?
False
Does 43 divide 152835?
False
Does 196 divide 94160?
False
Is 143 a factor of 4865573?
False
Is 134 a factor of 100851?
False
Does 59 divide 2170315?
True
Is 217 a factor of 161639?
False
Does 11 divide 206118?
True
Is 241558 a multiple of 672?
False
Is 9 a factor of 2347344?
True
Is 157 a factor of 17392032?
False
Is 26 a factor of 90402?
True
Is 73 a factor of 7363452?
False
Does 442 divide 1424566?
True
Is 12156 a multiple of 12?
True
Is 71 a factor of 313820?
True
Is 15049102 a multiple of 38?
True
Is 391950 a multiple of 585?
True
Is 6997852 a multiple of 75?
False
Does 245 divide 195755?
True
Is 17 a factor of 134704?
False
Is 13 a factor of 843254?
False
Is 424796 a multiple of 68?
True
Is 14085 a multiple of 44?
False
Is 1582146 a multiple of 498?
True
Does 15 divide 1025978?
False
Is 131 a factor of 10526112?
True
Is 2316710 a multiple of 699?
False
Does 872 divide 1021984?
True
Is 11407 a multiple of 11?
True
Does 77 divide 1619019?
False
Is 1728648 a multiple of 424?
True
Does 95 divide 2196020?
True
Is 267 a factor of 364224?
False
Is 16801875 a multiple of 625?
True
Does 52 divide 401648?
True
Is 749689 a multiple of 16?
False
Does 7 divide 15435?
True
Does 38 divide 13546?
False
Does 15 divide 1620342?
False
Is 81 a factor of 18335409?
False
Is 770 a multiple of 11?
True
Does 15 divide 337950?
True
Does 105 divide 716649?
False
Is 32 a factor of 7406671?
False
Does 133 divide 8317933?
False
Is 100 a factor of 300823?
False
Does 25 divide 2115800?
True
Does 151 divide 411777?
True
Does 4 divide 9732?
True
Is 2051837 a multiple of 29?
True
Does 15 divide 1830?
True
Is 933 a factor of 580326?
True
Is 31 a factor of 18471177?
False
Is 281 a factor of 1064490?
False
Is 783498 a multiple of 402?
True
Is 27 a factor of 518049?
True
Is 1716578 a multiple of 37?
True
Is 105 a factor of 475335?
True
Is 658 a factor of 5568354?
False
Is 1128900 a multiple of 1060?
True
Does 6 divide 346800?
True
Is 5676438 a multiple of 58?
False
Does 21 divide 322350?
True
Is 883 a factor of 721403?
False
Is 277 a factor of 858700?
True
Is 3177198 a multiple of 54?
True
Is 4 a factor of 3